(v).
-5
Let p(w) = w**2 - 4*w - 13. Let g be p(6). Let k(m) = 10*m**2 + 2*m + 1. Give k(g).
9
Let g(l) = -3*l**3 - 2*l**2 - 5*l - 3. Let p(j) = -j**3 + j**2 - j. Let b(o) = g(o) - 4*p(o). Suppose -5*x = -2*x - 12. Suppose 2*d = x*d - 12. Calculate b(d).
-9
Let j(g) be the second derivative of g**5/20 - 2*g**2 + 3*g. Let l(d) = -d + 2. Let w be l(0). Suppose -w = 5*f - s, 2*f - 3*s = f - 6. Determine j(f).
-4
Suppose 4*h = -p + 20, -4*p - 10 = -4*h + 10. Let r(d) be the third derivative of -d**4/24 - 5*d**3/6 + 2*d**2. Calculate r(p).
-5
Let d(u) = -8*u**3 + 3*u**2 - 2*u - 2. Let f(a) = 8*a**3 - 4*a**2 + 3*a + 3. Let k(c) = -3*d(c) - 2*f(c). Determine k(-1).
-9
Let k(x) be the first derivative of -x**2/2 + 16*x - 15. What is k(12)?
4
Let m(w) = 3*w - 8 - 2*w + 13. What is m(-7)?
-2
Let d(y) = 6*y - 1. Let t be d(1). Suppose f = -1 + t. Let w(m) = 0 - 4 + 1 + f + 3*m. What is w(1)?
4
Suppose k = -t + 10, -k = 2*t - 13 - 1. Let x(b) = b**3 - 5*b**2 - 6*b - 4. Give x(k).
-4
Let t(b) be the first derivative of -b**2/2 + b + 4. Give t(7).
-6
Let l be 1/((-3)/(-2))*(-3)/(-2). Let c(p) = -12*p**2 - p + 1. Calculate c(l).
-12
Let t(m) be the second derivative of -m**3/3 - m. Calculate t(-4).
8
Let i(m) be the second derivative of m**4/12 - m**3/6 - 11*m**2/2 + 17*m. Let n = 1 + -1. Give i(n).
-11
Let o(i) = -i**2 - 5*i - 3. Let r(t) = -4*t**3 - t - 1. Let g be r(-1). Suppose g = -0*s - s. What is o(s)?
1
Let w = 6 + -6. Suppose u - 3 = -w*u. Let t(b) = -b**3 + 3*b**2 + b + 1. What is t(u)?
4
Let a(z) = 7*z + 12*z**3 - 8*z + 2*z + z + 1. Determine a(-1).
-13
Let o(a) = a**3 + a - 6. Let z(d) = -d**2 + 11*d - 10. Let g = -5 + 15. Let w be z(g). What is o(w)?
-6
Suppose 5*g + 20 = 4*j, 4*g + 4*j = 19 + 1. Suppose g = -h - 1. Let k(m) = 4*m**3 - 2*m**2 - m. Calculate k(h).
-5
Let k(b) = -b + 3. Let v(p) = p - 2. Let s be v(-1). Determine k(s).
6
Let r(k) be the first derivative of k**2/2 - 2*k - 2. Suppose -2*i - 16 = -4*x, -10 = 3*i - x - 1. Let o be i/(-5)*(-1 - -6). What is r(o)?
0
Let b(d) = d**2 - 5*d - 6. Let u be 0 - (-3 - 1) - -2. Give b(u).
0
Suppose -10*z = 1 - 21. Let c(f) be the second derivative of 1/3*f**4 - 1/3*f**3 + f + 0 - f**z - 1/20*f**5. Calculate c(2).
2
Let a be 1 - (-2 - -3) - -3. Let l(r) = -3*r**3 + r. Let w be l(-1). Let u(k) = -2*k + k**2 - 3 - k - w*k. What is u(a)?
-9
Let y(k) = 1 - 2*k + 2 - 1. What is y(4)?
-6
Let v(y) = 2*y. Let d(p) = -p. Let n(b) = -3*d(b) - 2*v(b). Suppose 0 = 3*i - 2*i - 9. Suppose -2*t + 5*f - 2*f - 1 = 0, -4*t + i = 5*f. Calculate n(t).
-1
Suppose 77 = 3*p + 26. Let m = p + -12. Let i(j) = 5 - j - m. Calculate i(1).
-1
Let i be (0 - 1)/(3/(-6)). Let w(z) = -6*z + 2*z + i*z + 3*z. Determine w(4).
4
Let u(a) = a**2 + 6*a - 1. Suppose 2*s = -0*s - 2. Let i be -2 - s - (2 + -2). Let f be i + 2 - 0 - 6. Determine u(f).
-6
Let s(d) = 2*d**2 + 8*d. Let p(r) = 1. Let f(i) = -6*p(i) - s(i). Determine f(-6).
-30
Let f(a) = a + 4. Let j be f(-2). Let v(n) = -3*n**2 - n - 1. What is v(j)?
-15
Suppose f = 3 + 1. Let y(m) be the second derivative of 0*m**f - 3/10*m**5 - 1/3*m**3 + m + 0 - 1/2*m**2. Give y(-1).
7
Let p(b) = 3*b + 4. Let k(d) = d - 1. Let a(m) = -4*k(m) - p(m). Let i(n) = n. Let s be i(7). Let r = 8 - s. Determine a(r).
-7
Let o(x) = -x**2 - x - 1. Let s(h) = -1. Let b(g) = o(g) - 4*s(g). Determine b(-4).
-9
Let o(d) = -d. Suppose -5*f + 9 = -11. Suppose -3*k = -4*a - 6, a - 36 = -f*k - 3*a. Calculate o(k).
-6
Let a(h) be the third derivative of 1/60*h**5 + 0*h - 1/8*h**4 + 1/360*h**6 - 4*h**2 + 0 + 1/3*h**3. Let v(z) be the first derivative of a(z). What is v(-5)?
12
Let p(w) = -3*w**2 - w + 2. Let i(g) be the third derivative of g**5/60 + 11*g**4/24 + 2*g**3 + 8*g**2. Let m be i(-10). Give p(m).
-12
Let q(d) = 1 - 3 - d + 1. Calculate q(-2).
1
Let f(s) be the second derivative of s**5/20 - s**4/2 + s**3/6 + 5*s**2/2 + 2*s - 9. Suppose -3*p = -u - 23, 0 = p + u - 1. What is f(p)?
11
Let w be 2/(1 + 1)*2. Let p(i) = 0*i**3 - i**3 + 5*i - i**w - i**2. Give p(-4).
12
Let b(d) = -d**2 - d - 1. Let o(n) = n**2 + 9*n + 2. Let k(m) = 5*b(m) + o(m). Give k(3).
-27
Let y be ((-2)/4)/(2/(-4)). Let a(l) = 2*l**3 - 3*l**2 - 4*l - 3. Let x(j) = -j**3 + 2*j**2 + 2*j + 2. Let k(g) = 3*a(g) + 5*x(g). Give k(y).
1
Suppose -5*r + 43 + 7 = 0. Let p = -5 + r. Let c(i) = i - 7. Calculate c(p).
-2
Let a(u) = 2 - u - 5 + 0*u. Let b be a(-6). Suppose -5*g + 5 = -5*p, 0 = b*p - g - 2 - 1. Let q(s) = 4*s - 2. Calculate q(p).
6
Let l = 4 + -8. Let y(p) = -1 - 14 + 13 - p. Give y(l).
2
Let x = -7 + 12. Let c(y) = 7*y**3 - 11*y**2 - y + 13. Let j(u) = -13*u**3 + 21*u**2 + 2*u - 25. Let q(l) = -11*c(l) - 6*j(l). Calculate q(x).
2
Let d = 12 - 18. Let u(x) = 105*x + 40. Let t(j) = -8*j - 3. Let r(v) = -40*t(v) - 3*u(v). Let k(z) = 6*z + 1. Let y(m) = d*k(m) + 7*r(m). What is y(0)?
-6
Let d(n) = 4*n + 3. Suppose -4*m - 4*u + 0*u + 12 = 0, -1 = 5*m + u. Let x(b) = b - 1. Let c be x(m). What is d(c)?
-5
Let q = 2 - -3. Suppose t - 5 = -5*x, -2*x + q = 2*t - 5. Let m(y) = -y + 5. Calculate m(t).
0
Let s be 0 + (-9 + 2)*2. Let a be 28/10*(-35)/s. Let w(d) = d**2 - 7*d - 6. What is w(a)?
-6
Let p(g) be the third derivative of g**8/6720 - g**7/504 + g**6/180 + g**5/40 - g**4/24 + 6*g**2. Let j(c) be the second derivative of p(c). Calculate j(4).
3
Let k = -3 + 3. Let q(d) = d**2 - d + 11. Calculate q(k).
11
Suppose -4*a - 28 = -n, 3*a + n = -0*n - 14. Let x = a - -4. Let u(t) = t**2 + 2*t - 1. Let i be u(x). Let b(l) = 5*l**3 + l + 1. What is b(i)?
-5
Let o(z) = -z - 6. Let f be o(-6). Let u(t) = -t**3 - t**2 + t. Give u(f).
0
Let p(k) be the second derivative of 3*k**4/4 + k**3/6 + k**2/2 + 13*k. Calculate p(-1).
9
Let y be 0/(-2)*(-20)/(-80). Let x(l) = -l + 7. Calculate x(y).
7
Let s(x) = 13*x + 1. Let t(n) = 27*n + 2. Let k(w) = 5*s(w) - 2*t(w). Let z(l) = -l**2 + 4*l + 6. Let r be z(6). Let v = r + 5. Determine k(v).
-10
Let s(p) be the second derivative of 3*p**2 + 5/6*p**3 + 1/12*p**4 - 2*p + 0. Suppose -4*r - 4 - 1 = 5*z, 0 = z + r. Calculate s(z).
6
Let s be ((-4)/6)/((-6)/27). Suppose -5*u - 26 = -s*a, 18 = -3*a - 5*u + 4. Let y(x) = -a - 20*x - 2 + 19*x. Give y(0).
-4
Let w(c) = c**2 - 3*c + 6. Let o(r) = 2*r**2 - 5*r + 12. Let g(v) = -3*o(v) + 5*w(v). Let j = 1 + -1. Determine g(j).
-6
Let o(s) be the second derivative of -s**3/6 - s**2/2 - 9*s. Let u = 0 + -2. Give o(u).
1
Let o(m) = 16*m**3 - m - m**2 + m**2 - 17*m**3. Let u(j) = -2*j + 1. Let q(t) = o(t) - u(t). What is q(1)?
-1
Let p(z) be the second derivative of 1/3*z**3 + 1/12*z**4 - 2*z + 0 + 1/20*z**5 + 1/2*z**2. Let o be (-2 - -1)*(-1)/(-1). Calculate p(o).
-1
Suppose 10 = c - 4. Suppose 3*s - 7 = 5*o - 4, -2*o - 2*s = c. Let d(y) = 0 - 2 - 2 - 4*y. Give d(o).
8
Let v(d) = -d**3 - 5*d**2 - 3*d - 5. Let c be (-5)/(8/4 - 3). Suppose -4*r + r - 2*p - 5 = 0, 40 = -c*r + 3*p. What is v(r)?
10
Let g(a) = -a**2 - 16*a - 5. Let x be g(-16). Let i(v) = -v - 3. What is i(x)?
2
Suppose 0 = -3*g + h + 2*h - 15, 0 = 5*g - 4*h + 25. Let l(r) = r - 1. What is l(g)?
-6
Let p(s) = -3*s - 3 + 12 + s**2 - 7. Determine p(3).
2
Let j(m) be the first derivative of m**4/4 - 2*m**3 - m**2 + 7*m - 3. Give j(6).
-5
Suppose 0 = 4*q - 9*q + 15. Suppose 9 = y + 6*o - o, 3*y - q*o = 9. Suppose y = t + c + 4*c, 4*c = 0. Let b(u) = -2*u + 1. Give b(t).
-7
Let b(y) = -2*y + 3. Let f(q) = q**3 + 8*q**2 - 10*q - 3. Let u be f(-9). Let z be 35/u + 3/18. Calculate b(z).
-9
Let a(c) = -2 - 6 + c + 2. Suppose -1 = 2*z - 11. Suppose 5*u = 5*d - 20, -2*d = -3*u - z*d + 12. Determine a(u).
-6
Let r(h) = -3*h**3 - 11 + 12 - 3*h + 0*h + 8*h**2 - h. Suppose 3 - 8 = -a. Let c(w) = -7*w**3 + 17*w**2 - 7*w + 2. Let v(j) = a*r(j) - 2*c(j). Calculate v(5).
-4
Let v = -3 + -2. Let y(h) = 6*h**2 + 32*h + 5. Let w(x) = 2*x**2 + 11*x + 2. Let l(j) = 11*w(j) - 4*y(j). Give l(v).
-13
Let o(x) = -x**2 - 4*x - 2. Let n = -9 + 6. Let w be o(n). Let z(r) = r**3 + 2*r**2 - 1. Give z(w).
2
Let x(t) = 2*t**2 + 4*t + 0 - 7 - t**2. Let w(u) be the third derivative of -u**4/24 + 3*u**2. Let i be w(5). Determine x(i).
-2
Let v(j) = -j**3 - 5*j**2 + 4. Let a(f) = f**3 - 17*f**2 - 4. Let o be a(17). What is v(o)?
-12
Let v = 48 - 46. Let f(n) be the third derivative of -n**4/24 - n**3/3 - n**2. Calculate f(v).
-4
Suppose m + i 